{"id":445,"date":"2009-05-29T17:28:26","date_gmt":"2009-05-29T15:28:26","guid":{"rendered":"http:\/\/blue\/Projects\/2create\/free_wp_themes\/portfolio_site1\/wp\/?page_id=7"},"modified":"2015-11-18T17:22:06","modified_gmt":"2015-11-18T16:22:06","slug":"portfolio","status":"publish","type":"page","link":"https:\/\/www.parufito.info\/blog\/portfolio\/","title":{"rendered":"Portfolio"},"content":{"rendered":"<p>A continuaci\u00f3 podeu veure els projectes que he realitzat i amb els que estic treballant i gestionant.<\/p>\n<p>Podeu visitar-los i veure qu\u00e8 he fet a cadascun d&#8217;ells en els desplegables.<\/p>\n<p>Si creieu que us interessa algun d&#8217;ells o voleu consell per a futurs projectes que pugueu necessitar, <a title=\"Contacte\" href=\"http:\/\/www.parufito.info\/contacte\/\"><strong>no dubteu en posar-vos en contacte amb mi<\/strong><\/a>.<\/p>\n<p style=\"text-align: center;\"><img loading=\"lazy\" decoding=\"async\" class=\"size-full wp-image-1101 \" style=\"border: 0px none;\" title=\"wordpress\" src=\"http:\/\/www.parufito.info\/wp-content\/uploads\/2009\/05\/wordpress.png\" alt=\"\" width=\"137\" height=\"31\" \/><img loading=\"lazy\" decoding=\"async\" style=\"border: 0px none;\" title=\"buddypress\" src=\"http:\/\/www.parufito.info\/wp-content\/uploads\/2009\/05\/buddypress.png\" alt=\"\" width=\"136\" height=\"32\" \/><img loading=\"lazy\" decoding=\"async\" class=\"alignnone wp-image-1272\" style=\"border: 0px none;\" title=\"bbpress\" src=\"http:\/\/www.parufito.info\/wp-content\/uploads\/2009\/05\/bbpress.png\" alt=\"\" width=\"136\" height=\"32\" \/><\/p>\n<h2>Pocafeina.cat<\/h2>\n<figure id=\"attachment_509\" aria-describedby=\"caption-attachment-509\" style=\"width: 290px\" class=\"wp-caption aligncenter\"><a href=\"http:\/\/www.pocafeina.cat\"><img loading=\"lazy\" decoding=\"async\" class=\"size-full wp-image-509 aligncenter\" title=\"pocafeina\" src=\"http:\/\/www.parufito.info\/wp-content\/uploads\/2010\/12\/pocafeina.jpg\" alt=\"\" width=\"290\" height=\"230\" \/><\/a><figcaption id=\"caption-attachment-509\" class=\"wp-caption-text\">Visita www.pocafeina.cat<\/figcaption><\/figure>\n<p>P\u00e0gina d\u2019oci amb tem\u00e0tica variada i en diferents formats (fotos, v\u00eddeos, cites\u2026) en llengua Catalana.<\/p>\n<ul>\n<li>Creaci\u00f3<\/li>\n<li>Disseny<\/li>\n<li>Configuraci\u00f3<\/li>\n<li>Gesti\u00f3 de contingut<\/li>\n<li>Gesti\u00f3 Xarxes Socials<\/li>\n<li>SEO<\/li>\n<li>AdSense<\/li>\n<\/ul>\n<h2>Puede Ser F\u00e1cil<\/h2>\n<p>Creaci\u00f3 d&#8217;un blog on es recopilaran &#8220;trucs&#8221; per a fer la vida m\u00e9s f\u00e0cil<\/p>\n<ul>\n<li>Experiment per anar aprenent tamb\u00e9 la integraci\u00f3 en xarxes socials a un nivell diferent al plantejat en altres blogs<\/li>\n<li>Preparaci\u00f3 i auto generaci\u00f3 de contingut per a la p\u00e0gina de Facebook<\/li>\n<li>Preparaci\u00f3 i auto generaci\u00f3 de contingut per a la p\u00e0gina de Twitter<\/li>\n<li>Responsive Design<\/li>\n<li>Seo<\/li>\n<li>AdSense<\/li>\n<\/ul>\n<h2>Norespondas.com<\/h2>\n<figure id=\"attachment_1052\" aria-describedby=\"caption-attachment-1052\" style=\"width: 300px\" class=\"wp-caption aligncenter\"><a href=\"http:\/\/www.norespondas.com\"><img loading=\"lazy\" decoding=\"async\" class=\"size-full wp-image-1052\" title=\"logo_background\" src=\"http:\/\/www.parufito.info\/wp-content\/uploads\/2012\/05\/logo_background.png\" alt=\"\" width=\"300\" height=\"95\" \/><\/a><figcaption id=\"caption-attachment-1052\" class=\"wp-caption-text\">www.norespondas.com<\/figcaption><\/figure>\n<p>Nou experiment iniciat el 14 de Maig de 2012.<\/p>\n<p>Es tracta d\u2019una <strong>web d\u2019humor col\u00b7laborativa<\/strong>, a l\u2019estil de Yahoo Respuestas, en aquest cas per\u00f2, els usuaris pengen <strong>preguntes gracioses i n\u2019esperen respostes iguals<\/strong>, entre tots poden votar les respostes m\u00e9s divertides.<\/p>\n<p>L\u2019objectiu \u00e9s intentar aprendre a gestionar una p\u00e0gina amb participaci\u00f3 dels usuaris, amb el que \u00e9s molt important saber-se desenvolupar b\u00e9 a les xarxes socials, per poder tenir repercussi\u00f3 i motivar a la gent a participar. Alhora que s\u2019ha de plantejar un disseny molt senzill i am\u00e8 perqu\u00e8 no s\u2019hagi de ser usuari avan\u00e7at per a poder participar.<\/p>\n<p><strong>Qu\u00e8 s\u2019ha fet:<\/strong><\/p>\n<ul>\n<li>Instal.laci\u00f3 WordPress<\/li>\n<li>Adaptar el theme i ampliar les funcionalitats segons les necessitats\n<ul>\n<li>Formulari d\u2019enviament de preguntes<\/li>\n<li>Votaci\u00f3 de les respostes<\/li>\n<li>Permetre la resposta just al publicar la pregunta, per agilitzar l\u2019experi\u00e8ncia del visitant<\/li>\n<\/ul>\n<\/li>\n<li>Vincular amb les xarxes socials segons les nostres necessitats\n<ul>\n<li>Autopublicaci\u00f3 de les preguntes i respostes a Twitter i Facebook<\/li>\n<\/ul>\n<\/li>\n<li>Automatitzaci\u00f3 de la difusi\u00f3 social\n<ul>\n<li>Rss<\/li>\n<li>Twitter (via feedburner)<\/li>\n<li>Facebook (via Rss Graffity)<\/li>\n<li>Mail (Feedburner)<\/li>\n<\/ul>\n<\/li>\n<li>Gesti\u00f3 de les xarxes socials (facebook i twitter)<\/li>\n<\/ul>\n<h2>Blog El N\u00f3rdico<\/h2>\n<figure style=\"width: 448px\" class=\"wp-caption aligncenter\"><a href=\"http:\/\/elnordico.es\/blog\/\"><img loading=\"lazy\" decoding=\"async\" title=\"elnordico\" src=\"http:\/\/www.parufito.info\/wp-content\/uploads\/2012\/06\/elnordico.png\" alt=\"\" width=\"448\" height=\"341\" \/><\/a><figcaption class=\"wp-caption-text\">Visita http:\/\/elnordico.es\/blog\/<\/figcaption><\/figure>\n<p>Configuraci\u00f3 del Blog de la tenda on-line El N\u00f3rdico (<a href=\"http:\/\/www.elnordico.es\">www.elnordico.es<\/a>)<\/p>\n<ul>\n<li>Basat en WordPress<\/li>\n<li>Adaptaci\u00f3 a les necessitats<\/li>\n<li>Integraci\u00f3 amb Facebook i Twitter\n<ul>\n<li>S&#8217;envien autom\u00e0ticament les actualitzacions del blog a la p\u00e0gina de Facebook i s&#8217;en publica un tweet<\/li>\n<li>Integraci\u00f3 al mateix blog de les p\u00e0gines de facebook i twitter, permetent fer &#8220;m&#8217;agrada&#8221; i &#8220;follow&#8221; des del propi blog<\/li>\n<\/ul>\n<\/li>\n<li>Configuraci\u00f3 de les eines de compartir, afegint els medis m\u00e9s utilitzats, per permetre a la gent compartir qualsevol article del blog amb les xarxes socials m\u00e9s famoses<\/li>\n<\/ul>\n<p><a href=\"http:\/\/elnordico.es\/blog\/\"><strong>Visita el resultat<\/strong><\/a><\/p>\n<h2>Esplai el Tabal<\/h2>\n<p>Gesti\u00f3 en l&#8217;elecci\u00f3 d&#8217;una plataforma on permetre la comunicaci\u00f3 entre els monitors i els pares i nens.<\/p>\n<p>Finalment:<\/p>\n<ul>\n<li>S&#8217;escull WordPress.com, per la facilitat d&#8217;\u00fas<\/li>\n<li>Integraci\u00f3 al domini www.eltabal.info<\/li>\n<li>Preparaci\u00f3 i auto generaci\u00f3 de contingut per a la p\u00e0gina de Facebook<\/li>\n<\/ul>\n<h2>Raspberry.cat<\/h2>\n<p>Creaci\u00f3 d&#8217;una comunitat On-Line en catal\u00e0 per a usuaris de RaspBerry Pi<\/p>\n<ul>\n<li>Integraci\u00f3 al domini www.eltabal.info<\/li>\n<li>Preparaci\u00f3 i auto generaci\u00f3 de contingut per a la p\u00e0gina de Facebook<\/li>\n<\/ul>\n<h2>Metall Catal\u00e0<\/h2>\n<figure id=\"attachment_599\" aria-describedby=\"caption-attachment-599\" style=\"width: 290px\" class=\"wp-caption aligncenter\"><a href=\"http:\/\/www.metallcatala.cat\"><img loading=\"lazy\" decoding=\"async\" class=\"size-full wp-image-599\" title=\"metallcat\" src=\"http:\/\/www.parufito.info\/wp-content\/uploads\/2009\/07\/metallcat.png\" alt=\"\" width=\"290\" height=\"230\" \/><\/a><figcaption id=\"caption-attachment-599\" class=\"wp-caption-text\">visita www.metallcatala.cat<\/figcaption><\/figure>\n<p><strong>(3-3-2011) &#8211; <\/strong>Comunitat on-line de Musica Metal basada en Buddypress.<\/p>\n<ul>\n<li>Creaci\u00f3<\/li>\n<li>Configuraci\u00f3 i administraci\u00f3 del sistema de xarxa social basat en BuddyPress.<\/li>\n<\/ul>\n<p><strong>Caracter\u00edstiques:<\/strong><\/p>\n<ol>\n<li>Blog<\/li>\n<li>F\u00f2rum<\/li>\n<li>Calendari<\/li>\n<li>Sistema d&#8217;amistats<\/li>\n<li>Missatgeria interna<\/li>\n<li>Sincronitzacio amb twitter i Facebook a nivell individual per usuaris<\/li>\n<\/ol>\n<p>&nbsp;<\/p>\n<p style=\"text-align: center;\"><img loading=\"lazy\" decoding=\"async\" class=\"wp-image-1105 aligncenter\" style=\"border: 0px none;\" title=\"tumblr\" src=\"http:\/\/www.parufito.info\/wp-content\/uploads\/2009\/05\/tumblr.png\" alt=\"\" width=\"150\" height=\"81\" \/><\/p>\n<h2>Catalufffuuu<\/h2>\n<figure id=\"attachment_567\" aria-describedby=\"caption-attachment-567\" style=\"width: 290px\" class=\"wp-caption aligncenter\"><a href=\"http:\/\/catalufffuuu.pocafeina.cat\"><img loading=\"lazy\" decoding=\"async\" class=\"size-full wp-image-567\" title=\"catalufffuuu\" src=\"http:\/\/www.parufito.info\/wp-content\/uploads\/2009\/07\/catalufffuuu1.jpg\" alt=\"\" width=\"290\" height=\"240\" \/><\/a><figcaption id=\"caption-attachment-567\" class=\"wp-caption-text\">Visita Catalufffuuu<\/figcaption><\/figure>\n<p>Projecte web basat en Tumblr, amb la intenci\u00f3 de potenciar el <em>Meme<\/em> del FFFFUUUU mesclat amb el concepte de &#8220;el catal\u00e0 emprenyat&#8221; per crear un meme catal\u00e0, el Catalufffuuu. [\/learn_more]<\/p>\n<p>Actualment tamb\u00e9 estic treballant tamb\u00e9 amb alguns projectes amb MediaWiki i Drupal<br \/>\n<img loading=\"lazy\" decoding=\"async\" class=\"size-full wp-image-1103 aligncenter\" style=\"border: 0px none;\" title=\"MediaWiki_logo_without_tagline\" src=\"http:\/\/www.parufito.info\/wp-content\/uploads\/2009\/05\/MediaWiki_logo_without_tagline.png\" alt=\"\" width=\"135\" height=\"135\" \/><\/p>\n<h1>M\u00e9s Projectes<\/h1>\n<p>[box type=&#8221;info&#8221;]A banda de projectes web, tamb\u00e9 he treballat amb diferents dispositius, ordinadors i distribucions Linux, a continuaci\u00f3 podeu veure alguns dels m\u00e9s interessants[\/box]<\/p>\n<p><strong>Gp2X<\/strong><\/p>\n<ul>\n<li><a href=\"http:\/\/www.parufito.info\/01022008\/previa-al-nou-skin-tuxtosh-per-a-gmenu\/\">Tux\u2019n Tosh Gmenu2x<\/a><\/li>\n<\/ul>\n<p><strong>Linux<\/strong><\/p>\n<ul>\n<li><a href=\"http:\/\/www.parufito.info\/01072010\/nautilus-script-per-afegir-marques-daigua-a-les-fotos\/\">Nautilus Script<\/a><\/li>\n<\/ul>\n<p><strong>MediaCenter<\/strong><\/p>\n<ul>\n<li class=\"page_item page-item-645\"><a href=\"http:\/\/www.parufito.info\/portfolio\/xtreamer\/\">Xtreamer<\/a><\/li>\n<\/ul>\n","protected":false},"excerpt":{"rendered":"<p>A continuaci\u00f3 podeu veure els projectes que he realitzat i amb els que estic treballant i gestionant. Podeu visitar-los i veure qu\u00e8 he fet a cadascun d&#8217;ells en els desplegables. Si creieu que us interessa algun d&#8217;ells o voleu consell per a futurs projectes que pugueu necessitar, no dubteu en posar-vos en contacte amb mi. [&hellip;]<\/p>\n","protected":false},"author":1,"featured_media":0,"parent":0,"menu_order":2,"comment_status":"closed","ping_status":"closed","template":"","meta":{"jetpack_post_was_ever_published":false,"footnotes":""},"class_list":["post-445","page","type-page","status-publish","hentry"],"jetpack_shortlink":"https:\/\/wp.me\/Pfudbs-7b","jetpack_sharing_enabled":true,"_links":{"self":[{"href":"https:\/\/www.parufito.info\/blog\/wp-json\/wp\/v2\/pages\/445","targetHints":{"allow":["GET"]}}],"collection":[{"href":"https:\/\/www.parufito.info\/blog\/wp-json\/wp\/v2\/pages"}],"about":[{"href":"https:\/\/www.parufito.info\/blog\/wp-json\/wp\/v2\/types\/page"}],"author":[{"embeddable":true,"href":"https:\/\/www.parufito.info\/blog\/wp-json\/wp\/v2\/users\/1"}],"replies":[{"embeddable":true,"href":"https:\/\/www.parufito.info\/blog\/wp-json\/wp\/v2\/comments?post=445"}],"version-history":[{"count":30,"href":"https:\/\/www.parufito.info\/blog\/wp-json\/wp\/v2\/pages\/445\/revisions"}],"predecessor-version":[{"id":1792,"href":"https:\/\/www.parufito.info\/blog\/wp-json\/wp\/v2\/pages\/445\/revisions\/1792"}],"wp:attachment":[{"href":"https:\/\/www.parufito.info\/blog\/wp-json\/wp\/v2\/media?parent=445"}],"curies":[{"name":"wp","href":"https:\/\/api.w.org\/{rel}","templated":true}]}}