{"id":443,"date":"2009-05-29T17:28:01","date_gmt":"2009-05-29T15:28:01","guid":{"rendered":"http:\/\/blue\/Projects\/2create\/free_wp_themes\/portfolio_site1\/wp\/?page_id=3"},"modified":"2024-01-25T21:19:00","modified_gmt":"2024-01-25T20:19:00","slug":"home","status":"publish","type":"page","link":"https:\/\/www.parufito.info\/blog\/","title":{"rendered":""},"content":{"rendered":"<p><img loading=\"lazy\" decoding=\"async\" class=\" wp-image-754 alignleft\" style=\"border: 0pt none;\" title=\"El hombre que rie\" src=\"http:\/\/www.parufito.info\/wp-content\/uploads\/2009\/05\/El-hombre-que-rie.png\" alt=\"\" width=\"157\" height=\"157\" srcset=\"https:\/\/www.parufito.info\/blog\/wp-content\/uploads\/2009\/05\/El-hombre-que-rie.png 200w, https:\/\/www.parufito.info\/blog\/wp-content\/uploads\/2009\/05\/El-hombre-que-rie-150x150.png 150w\" sizes=\"auto, (max-width: 157px) 100vw, 157px\" \/>Aquesta p\u00e0gina va comen\u00e7ar sent un blog, on apuntava les coses que feia, tant per servir-me a mi mateix de manual, com per a qualsevol internauta que li pogu\u00e9s fer servei.<\/p>\n<p>Alhora va ser tamb\u00e9 un punt on l&#8217;egocentrisme era present i penjava fotos de coses que m&#8217;agradaven :P No patiu! Tot aix\u00f2 no es perd! Passa a l&#8217;apartat de <strong><a title=\"Blog\" href=\"https:\/\/www.parufito.info\/blog\/blog\">Blog<\/a><\/strong> i la p\u00e0gina la aprofitar\u00e9 per presentar les feines que he anat fent i amb les que estic treballant, una mica a l&#8217;estil <strong><em><a title=\"Portfolio\" href=\"https:\/\/www.parufito.info\/blog\/portfolio\/\">Portfolio<\/a><\/em><\/strong> que est\u00e0 tant de moda ;)<\/p>\n<p>Si malgrat tot us heu quedat amb m\u00e9s ganes de saber sobre mi, podeu llegir l&#8217;apartat <strong><a title=\"Qui s\u00f3c?\" href=\"https:\/\/www.parufito.info\/blog\/about\/\">Qui S\u00f3c<\/a><\/strong>, on amplio una mica la informaci\u00f3. O ja en un cas extrem, si teniu l&#8217;imperiosa necessitat de posar-vos en contacte amb mi, podeu fer servir el <strong><a title=\"Contacte\" href=\"https:\/\/www.parufito.info\/blog\/contacte\/\">Formulari de Contacte<\/a><\/strong> i de ben segur que intentar\u00e9 respondre el que millor pugui ;)<\/p>\n<p>Aix\u00ed doncs, aix\u00f2 \u00e9s tot! <strong>Benvinguts!<\/strong> Espero que gaudiu i que trobeu interessant aquesta web.<\/p>\n","protected":false},"excerpt":{"rendered":"<p>Aquesta p\u00e0gina va comen\u00e7ar sent un blog, on apuntava les coses que feia, tant per servir-me a mi mateix de manual, com per a qualsevol internauta que li pogu\u00e9s fer servei. Alhora va ser tamb\u00e9 un punt on l&#8217;egocentrisme era present i penjava fotos de coses que m&#8217;agradaven :P No patiu! Tot aix\u00f2 no es [&hellip;]<\/p>\n","protected":false},"author":1,"featured_media":688,"parent":0,"menu_order":0,"comment_status":"closed","ping_status":"closed","template":"","meta":{"jetpack_post_was_ever_published":false,"footnotes":""},"class_list":["post-443","page","type-page","status-publish","has-post-thumbnail","hentry"],"jetpack_shortlink":"https:\/\/wp.me\/Pfudbs-79","jetpack_sharing_enabled":true,"_links":{"self":[{"href":"https:\/\/www.parufito.info\/blog\/wp-json\/wp\/v2\/pages\/443","targetHints":{"allow":["GET"]}}],"collection":[{"href":"https:\/\/www.parufito.info\/blog\/wp-json\/wp\/v2\/pages"}],"about":[{"href":"https:\/\/www.parufito.info\/blog\/wp-json\/wp\/v2\/types\/page"}],"author":[{"embeddable":true,"href":"https:\/\/www.parufito.info\/blog\/wp-json\/wp\/v2\/users\/1"}],"replies":[{"embeddable":true,"href":"https:\/\/www.parufito.info\/blog\/wp-json\/wp\/v2\/comments?post=443"}],"version-history":[{"count":27,"href":"https:\/\/www.parufito.info\/blog\/wp-json\/wp\/v2\/pages\/443\/revisions"}],"predecessor-version":[{"id":6119,"href":"https:\/\/www.parufito.info\/blog\/wp-json\/wp\/v2\/pages\/443\/revisions\/6119"}],"wp:featuredmedia":[{"embeddable":true,"href":"https:\/\/www.parufito.info\/blog\/wp-json\/wp\/v2\/media\/688"}],"wp:attachment":[{"href":"https:\/\/www.parufito.info\/blog\/wp-json\/wp\/v2\/media?parent=443"}],"curies":[{"name":"wp","href":"https:\/\/api.w.org\/{rel}","templated":true}]}}